{"id":45,"date":"2019-01-25T14:13:37","date_gmt":"2019-01-25T14:13:37","guid":{"rendered":"http:\/\/nordicscreening.org\/?page_id=45"},"modified":"2022-08-23T14:55:28","modified_gmt":"2022-08-23T14:55:28","slug":"members","status":"publish","type":"page","link":"https:\/\/nordicscreening.org\/?page_id=45","title":{"rendered":"Members"},"content":{"rendered":"\n<div class=\"list-header\"><div class=\"ListContacts\">\n\t<span class=\"edittoolbar\"><\/span>\n<figure><img decoding=\"async\" class=\"Flag\" src=\"\/wp-content\/uploads\/2019\/01\/flag-denmark.png\" align=\"left\"><\/figure><h2 class=\"Country\">Denmark<\/h2>\n\t<div class=\"ContactNameRoleContainer\">\n\t<span class=\"ContactName\">Iben Boutrup Kongsfelt<\/span><br>\n\tEmail: <td><a href=\"mailto:ibk@dce.au.dk\" data-ss1548425499=\"1\">ibk@dce.au.dk<\/a><br>\n        Direct telephone: +45 9352 2725<br>\n        Danish Centre for Environment and Energy (DCE)<br>\n        Website: <td><a href=\"https:\/\/dce.au.dk\/\" data-ss1548425499=\"1\">dce.au.dk<\/a><br>\n<\/div>\n\n<\/div> <!-- class=\"ListContacts\" --><div class=\"ListContacts\">\n\t<span class=\"edittoolbar\"><\/span>\n<figure><img decoding=\"async\" class=\"Flag\" src=\"\/wp-content\/uploads\/2019\/01\/flag-faroeislands.png\" align=\"left\"><\/figure><h2 class=\"Country\">Faroe Islands<\/h2>\n<div class=\"ContactNameRoleContainer\">\n\t<span class=\"ContactName\">Katrin Hoydal<\/span><br>\n\tEmail: <td><a href=\"mailto:katrinh@us.fo\" data-ss1548425499=\"1\">katrinh@us.fo<\/a><br>\n        Direct telephone: +298 234371<br>\n        Faroese Environment Agency<br>\n        Website: <td><a href=\"http:\/\/www.us.fo\/\" data-ss1548425499=\"1\">www.us.fo<\/a><br>\n<\/div>\n\n<\/div> <!-- class=\"ListContacts\" --><div class=\"ListContacts\">\n\t<span class=\"edittoolbar\"><\/span>\n<figure><img decoding=\"async\" class=\"Flag\" src=\"\/wp-content\/uploads\/2019\/01\/flag-finland.png\" align=\"left\"><\/figure><h2 class=\"Country\">Finland<\/h2>\n\t<div class=\"ContactNameRoleContainer\">\n\t<span class=\"ContactName\">Emmi V\u00e4h\u00e4<\/span><br>\n\tEmail: <td><a href=\"mailto:emmi.vaha@syke.fi\" data-ss1548425499=\"1\">emmi.vaha@syke.fi<\/a><br>\n        Direct telephone: +358 50 567 8482<br>\n        Finnish Environment Institute (SYKE)<br>\n        Website: <td><a href=\"https:\/\/www.syke.fi\/fi-FI\" data-ss1548425499=\"1\">www.syke.fi<\/a><\/td>\n<\/div>\n\n<\/div> <!-- class=\"ListContacts\" --><div class=\"ListContacts\">\n\t<span class=\"edittoolbar\"><\/span>\n<figure><img decoding=\"async\" class=\"Flag\" src=\"\/wp-content\/uploads\/2019\/01\/flag-greenland.png\" align=\"left\"><\/figure><h2 class=\"Country\">Greenland<\/h2>\n<\/div>\nN\/A<br>\nGreenland Institute of Natural Resources<br>\nWebsite: <td><a href=\"http:\/\/www.natur.gl\/\" data-ss1548425499=\"1\">www.natur.gl<\/a><\/td>\n<\/div>\n\n\n\n<div class=\"ListContacts\">\n\t<span class=\"edittoolbar\"><\/span>\n<figure><img decoding=\"async\" class=\"Flag\" src=\"\/wp-content\/uploads\/2019\/01\/flag-iceland.png\" align=\"left\"><\/figure><h2 class=\"Country\">Iceland<\/h2>\n\t<div class=\"ContactNameRoleContainer\">\n\t<span class=\"ContactName\">Bergd\u00eds Bj\u00f6rk B\u00e6ringsd\u00f3ttir<\/span><br>\n\tEmail: <td><a href=\"mailto:bergdis.bjork.baeringsdottir@umhverfisstofnun.is\" data-ss1548425499=\"1\">bergdis.bjork.baeringsdottir@umhverfisstofnun.is<\/a><br>\n        Switchboard telephone: +354 591 2000<br>\n        Environment Agency of Iceland (UST)<br>\n        Website: <td><a href=\"http:\/\/www.ust.is\/\" data-ss1548425499=\"1\">www.ust.is<\/a><\/td>\n<\/div>\n\n\n\n<div class=\"ListContacts\">\n\t<span class=\"edittoolbar\"><\/span>\n<figure><img decoding=\"async\" class=\"Flag\" src=\"\/wp-content\/uploads\/2019\/01\/flag-norway.png\" align=\"left\"><\/figure><h2 class=\"Country\">Norway<\/h2>\n\t<div class=\"ContactNameRoleContainer\">\n\t<span class=\"ContactName\">Eivind Farmen<\/span><br>\n\tEmail: <td><a href=\"mailto:eivind.farmen@miljodir.no\" data-ss1548425499=\"1\">eivind.farmen@miljodir.no<\/a><br>\n        Direct telephone: +47 93 20 22 46<br>\n        Norwegian Environment Agency<br>\n        Website: <td><a href=\"https:\/\/www.miljodirektoratet.no\" data-ss1548425499=\"1\">www.miljodirektoratet.no<\/a><\/td>\n<\/div>\n<br>\n<\/tbody><\/table>\n<div class=\"ContactNameRoleContainer\">\n\t<span class=\"ContactName\">B\u00e5rd Nordb\u00f8<\/span><br>\n\tEmail: <td><a href=\"mailto:bard.nordbo@miljodir.no\" data-ss1548425499=\"1\">bard.nordbo@miljodir.no<\/a><br>\n        Direct telephone: +47 99 16 62 89<br>\n        Norwegian Environment Agency<br>\n        Website: <td><a href=\"https:\/\/www.miljodirektoratet.no\" data-ss1548425499=\"1\">www.miljodirektoratet.no<\/a><\/td>\n<\/div>\n\n\n\n<div class=\"ListContacts\">\n\t<span class=\"edittoolbar\"><\/span>\n<figure><img decoding=\"async\" class=\"Flag\" src=\"\/wp-content\/uploads\/2019\/01\/flag-sweden.png\" align=\"left\"><\/figure><h2 class=\"Country\">Sweden<\/h2>\n\t<div class=\"ContactNameRoleContainer\">\n\t<span class=\"ContactName\">Linda Linderholm<\/span><br>\n\tEmail: <td><a href=\"mailto:linda.linderholm@naturvardsverket.se\" data-ss1548425499=\"1\">linda.linderholm@naturvardsverket.se<\/a><br>\n        Direct telephone: +46 10 698 12 25<br>\n        Swedish Environmental Protection Agency<br>\n        Website: <td><a href=\"http:\/\/www.naturvardsverket.se\/\" data-ss1548425499=\"1\">www.naturvardsverket.se<\/a><\/td>\n<\/div>\n<br>\n\n<\/tbody><\/table>\n<div class=\"ContactNameRoleContainer\">\n\t<span class=\"ContactName\">Maria Linderoth<\/span><br>\n\tEmail: <td><a href=\"mailto:maria.linderoth@kemi.se\" data-ss1548425499=\"1\">maria.linderoth@kemi.se<\/a><br>\n        Direct telephone: +46 8 519 41 212<br>\n        The Swedish Chemicals Agency (Kemi)<br>\n        Website: <td><a href=\"http:\/\/www.kemi.se\/\" data-ss1548425499=\"1\">www.kemi.se<\/a><\/td>\n<\/div>\n","protected":false},"excerpt":{"rendered":"<p>Denmark Iben Boutrup Kongsfelt Email: ibk@dce.au.dk Direct telephone: +45 9352 2725 Danish Centre for Environment and Energy (DCE) Website: dce.au.dk Faroe Islands Katrin Hoydal Email: katrinh@us.fo Direct telephone: +298 234371 Faroese Environment Agency Website: www.us.fo Finland Emmi V\u00e4h\u00e4 Email: emmi.vaha@syke.fi Direct telephone: +358 50 567 8482 Finnish Environment Institute (SYKE) Website: www.syke.fi Greenland N\/A Greenland [&hellip;]<\/p>\n","protected":false},"author":1,"featured_media":0,"parent":0,"menu_order":0,"comment_status":"closed","ping_status":"closed","template":"","meta":{"footnotes":""},"class_list":["post-45","page","type-page","status-publish","hentry"],"_links":{"self":[{"href":"https:\/\/nordicscreening.org\/index.php?rest_route=\/wp\/v2\/pages\/45","targetHints":{"allow":["GET"]}}],"collection":[{"href":"https:\/\/nordicscreening.org\/index.php?rest_route=\/wp\/v2\/pages"}],"about":[{"href":"https:\/\/nordicscreening.org\/index.php?rest_route=\/wp\/v2\/types\/page"}],"author":[{"embeddable":true,"href":"https:\/\/nordicscreening.org\/index.php?rest_route=\/wp\/v2\/users\/1"}],"replies":[{"embeddable":true,"href":"https:\/\/nordicscreening.org\/index.php?rest_route=%2Fwp%2Fv2%2Fcomments&post=45"}],"version-history":[{"count":80,"href":"https:\/\/nordicscreening.org\/index.php?rest_route=\/wp\/v2\/pages\/45\/revisions"}],"predecessor-version":[{"id":555,"href":"https:\/\/nordicscreening.org\/index.php?rest_route=\/wp\/v2\/pages\/45\/revisions\/555"}],"wp:attachment":[{"href":"https:\/\/nordicscreening.org\/index.php?rest_route=%2Fwp%2Fv2%2Fmedia&parent=45"}],"curies":[{"name":"wp","href":"https:\/\/api.w.org\/{rel}","templated":true}]}}